{"id":66,"date":"2022-08-15T16:27:54","date_gmt":"2022-08-15T14:27:54","guid":{"rendered":"https:\/\/www.massagepraxis-kornwestheim.de\/?page_id=66"},"modified":"2022-08-15T16:40:37","modified_gmt":"2022-08-15T14:40:37","slug":"unser-therapieangebot","status":"publish","type":"page","link":"https:\/\/www.massagepraxis-kornwestheim.de\/?page_id=66","title":{"rendered":"Unsere Therapieangebote"},"content":{"rendered":"<p style=\"text-align: justify;\">\n<p style=\"text-align: justify;\"><b>Klassische Massagetherapie (KMT)<\/b><br \/>\nDie Klassische Massage setzt sich gew\u00f6hnlich aus den Griffen Ausstreichungen, Knetungen, Walkungen, Zirkelungen, Klopfungen und Vibrationen zusammen. Sie f\u00f6rdert den Stoffwechsel und die Durchblutung. Weiterhin kann man damit sehr gut auf die Muskulatur, die wir selbst in Form von unseren Bewegungsabl\u00e4ufen steuern k\u00f6nnen, einwirken.<\/p>\n<hr>\n<p style=\"text-align: justify;\"><b>Bindegewebsmassage (BGM)<\/b><br \/>\nDiese wird mit einer speziellen Fingertechnik durchgef\u00fchrt. Das Behandlungsgebiet hierf\u00fcr ist das Unterhautgewebe. Im Bindegewebe selbst befinden sich am Rumpf verschiedene Zonen, die unter anderem mit unseren Organen und dem Gef\u00e4\u00dfsystem gekoppelt sind. Somit geht man auf das unwillk\u00fcrliche (autonome oder vegetative) Nervensystem ein.<\/p>\n<hr>\n<p style=\"text-align: justify;\"><b>Friktionsmassage<\/b><br \/>\nHier handelt es sich um eine Behandlungsform, welche gerne bei Problemen am Muskel-Sehnen-\u00dcbergang angewendet wird. Sie wirkt schmerzlindernd. Der Erfolg basiert auf reflektorischem Weg.<\/p>\n<hr>\n<p style=\"text-align: justify;\"><b>Periost- und Insertionsmassage nach Prof. Vogler<\/b><br \/>\nHier werden speziell die Punkte an der Knochenhaut (Periost) angesprochen. Auf die Knochenhaut wird Druck mit den Fingerbeeren ausge\u00fcbt. Der Patient sp\u00fcrt hier Schmerzen, die sich aber schon nach und nach verringern. Hier ben\u00f6tigt der Masseur selbst sehr viel Fingerspitzengef\u00fchl. Der ausge\u00fcbte Druck muss sich dem Beschwerdebild anpassen.<\/p>\n<hr>\n<p style=\"text-align: justify;\"><b>Elektrotherapie<\/b><br \/>\nDies ist eine passive Ma\u00dfnahme. Hier werden medizinische Str\u00f6me in den K\u00f6rper gebracht. Sie ist unter anderem zust\u00e4ndig f\u00fcr Schmerzminderung, Durchblutungsf\u00f6rderung, f\u00fcr Iontophorese =&nbsp;das Einbringen eines Medikamentes in den K\u00f6rper. Ebenso lassen sich mit dieser Methode schlaffe Muskell\u00e4hmungen behandeln und vieles mehr.<\/p>\n<hr>\n<p style=\"text-align: justify;\"><b>Ultraschalltherapie<\/b><br \/>\nDies ist eine weitere Behandlungsapplikation der Elektrotherapie. Sie dehnt das Bindegewebe und nimmt Einfluss auf die Weichteile. Ich selbst setze diese Form gerne bei Sehnenproblematiken ein (beispielsweise beim &#8222;Tennisellenbogen&#8220;).<\/p>\n<hr>\n<p style=\"text-align: justify;\"><b>Kryotherapie (Eis)<\/b><br \/>\nEine K\u00fchlungsform, welche man beispielsweise vor einer Friktionsmassage einsetzt. So kann man den Schmerzpunkt, der bei dieser Methode ohne Eis entstehen w\u00fcrde, heraufsetzen. Vor einer Dehntechnik kann dies auch Sinn machen, um einen auftretenden Schmerz zeitweise &#8222;auszuschalten&#8220;. Um Schwellungen zu mindern, erweist es sich als sehr praktisch.<\/p>\n<hr>\n<p style=\"text-align: justify;\"><b>Bewegungstherapie<\/b><br \/>\nEs handelt sich um eine manuelle Bewegungsform. Ger\u00e4te werden selten verwendet. Hier kann man einen Bewegungsablauf besser schulen.<\/p>\n<hr>\n<p style=\"text-align: justify;\"><b>Manuelle Lymphdrainage (MLD)<\/b><br \/>\nDies ist eine Entstauungstechnik, welche gerne bei vorhandenen \u00d6demen (Einlagerung, bestehend aus Wasser und Eiwei\u00df) eingesetzt wird. Diese Behandlungsart spielt sich eigentlich direkt auf der Hautoberfl\u00e4che ab, um nur das Lymphgef\u00e4\u00dfsystem zu treffen. Eine R\u00f6tung darf dabei nicht entstehen. Dann w\u00e4re es eine Massagewirkung, was nicht das Ziel sein darf. Patienten f\u00fchlen sich nach einer Lymphdrainagebehandlung sehr erleichtert. Ein Auftreten des Harndrangs beim Patienten hinterher ist nicht selten.&nbsp; Eine Kompressionsbandage unterst\u00fctzt die Lymphdrainagetherapie.<b> Deswegen ist es n\u00fctzlich, wenn sie mit verordnet wird!<\/b><\/p>\n<hr>\n<p style=\"text-align: justify;\"><b>Gelenkdrainage<\/b><br \/>\nDiese unterst\u00fctzt die Manuelle Lymphdrainage. Nur wird zus\u00e4tzlich das betroffene Gelenk, welches beispielsweise angeschwollen ist, bewegt.<\/p>\n<hr>\n<p style=\"text-align: justify;\"><b>Die Dorn-Preuss-Methode<\/b><\/p>\n<p style=\"text-align: justify;\">Es handelt sich hier um ein sanftes mechanisches Einrichten der vorhandenen Wirbel an der Wirbels\u00e4ule selbst. Dies l\u00e4sst sich auch an den Extremit\u00e4tengelenken durchf\u00fchren. Vorsicht!<\/p>\n<p style=\"text-align: justify;\">Bitte von keinem&nbsp; &#8222;Einrenken&#8220; sprechen! Dies steht nur geschulten Chiropraktikern zu!<br \/>\nIch selbst durfte diese Therapie bei einem Heilpraktiker erlernen, was sehr interessant war. Den Refresherkurs f\u00fchrte ich bei einem Physiotherapeuten durch, Beeindruckendes habe ich auch hier erfahren. Die Schwerpunkte aus seiner Sicht waren positiv. Dies jetzt im Einzelnen zu erkl\u00e4ren, w\u00e4re zu aufwendig.<\/p>\n<hr>\n<p style=\"text-align: justify;\"><b>Fango<\/b><br \/>\nHierbei handelt es sich um eine passive Ma\u00dfnahme (W\u00e4rmeanwendung mit Tiefenwirkung), die ich hinter eine Therapie bei Verordnungen anh\u00e4nge. Dies hat den Effekt der Nachruhe. Ich vertrete die Auffassung: Wenn man die Fango vorher appliziert, wird das urspr\u00fcngliche Problem, wovon der Patient berichtet, nicht erkannt!<\/p>\n<hr>\n<p style=\"text-align: justify;\"><b>Hei\u00dfe Rolle<\/b><br \/>\nDas ist eine sehr lokale Behandlung. Die Hei\u00dfe Rolle selbst besteht aus Handt\u00fcchern, die zu einem Trichter geformt werden. In diesen Trichter wird hei\u00dfes Wasser gegeben und am Patienten wird dann durch ein &#8222;Tupfen&#8220; die W\u00e4rme appliziert. St\u00fcck f\u00fcr St\u00fcck wird dann der Trichter abgerollt, dass die W\u00e4rme immer konstant bleibt! Sie wird bei mir auch nach der Massage oder anderen Therapien angewendet. Die Hei\u00dfe Rolle selbst wird aber recht selten verordnet. Sie hat eine lokale Tiefenwirkung.<\/p>\n<hr>\n<p style=\"text-align: justify;\"><b>Hei\u00dfluft (WT = W\u00e4rmetherapie)<\/b><br \/>\nDiese Therapie hat eine oberfl\u00e4chliche W\u00e4rmewirkung. Sie ist nicht so intensiv wie beispielsweise Fango! Sie wird auch bei mir nach der von mir angewendeten Therapiema\u00dfnahme durchgef\u00fchrt.<\/p>\n<hr>\n<p style=\"text-align: justify;\"><b>Klangschalentherapie<\/b><br \/>\n<img decoding=\"async\" loading=\"lazy\" class=\"alignnone size-full wp-image-36\" src=\"https:\/\/www.massagepraxis-kornwestheim.de\/wp-content\/uploads\/2022\/08\/klangschalen_combe.jpg\" alt=\"\" width=\"250\" height=\"100\"><br \/>\nHier befindet sich der Patient in bekleidetem Zustand. Auf ihm werden dann die Klangschalen aufgesetzt und mit einem &#8222;Kl\u00f6ppel&#8220; angeschlagen. So werden die Schalen in Schwingungen gebracht. Ihre Wirkung beruht auf Tiefenentspannung. Es handelt sich hierbei um eine Symptombehandlung.<\/p>\n<hr>\n<p style=\"text-align: justify;\"><b>Kinesio-Tape-Therapie<\/b><br \/>\nHier kann man beispielsweise mit dieser Methode Gelenke so eingrenzen, dass die betroffene Person sich im schmerzfreien Bereich bewegt. D.h. kurz vor dem Auftreten der Beschwerden stoppt das Kinesio-Tape die Bewegung so, dass kein Schmerz auftritt. Hierbei liegt es am Therapeuten, die&nbsp; Bewegungsschmerzgrenze&nbsp; herauszufinden und dann das Tape so anzubringen, dass es kein Schmerzempfinden ausl\u00f6st.<\/p>\n<hr>\n<p style=\"text-align: justify;\"><b>Reflextherapie<\/b><br \/>\nHier werden Bereiche mit dem gesamten Finger abgedeckt. Durch den ausge\u00fcbten Druck wird der Schmerz am Fu\u00df, den man zu Beginn ausl\u00f6st, immer geringer &#8211; eine sehr interessante M\u00f6glichkeit, auf Organfunktionen einzuwirken! Nicht zu verwechseln mit der Reflexzonentherapie. Da werden nur behandlungstechnisch die Fingerbeeren eingesetzt.<\/p>\n<hr>\n<p style=\"text-align: justify;\"><b>Narbenbehandlung nach T. Breuhaus<\/b><br \/>\nNarben sind immer St\u00f6rfelder, die irgendwelche Probleme bereiten. Durch eine bestimmte Technik werden die Narben gedehnt. Johanniskraut\u00f6l unterst\u00fctzt und f\u00f6rdert die Heilung einer Narbe. Da gibt es hinterher so manche \u00dcberraschung, wenn man die Wirkungsweise in Betracht zieht!<\/p>\n<hr>\n<p style=\"text-align: justify;\"><b>Nervenmobilisation<\/b><br \/>\nNerven haben die gemeine Eigenschaft, Bewegungen zu vermindern oder gar zu blockieren. Dies macht sich durch Schmerzen bemerkbar. Nun gibt es eine Technik, mit der es gelingt, die eingeklemmten Nerven zu l\u00f6sen und damit einen Schmerz zu mindern oder gar den Patienten von seinem Leiden zu befreien. Der Nerv h\u00e4ngt sozusagen in seiner Gleitr\u00f6hre, welche ihn umgibt, fest! Hier muss man aber genau wissen, wo der Nerv liegt, damit man wei\u00df, wohin man gleiten muss. Da kann man wunderbare positive Sachen erleben!<\/p>\n<hr>\n<p style=\"text-align: justify;\"><b>Das Craniosacrale Konzept<\/b><br \/>\nHier wird der K\u00f6rper im Gesamten behandelt, dass heisst von unten bis oben. Der K\u00f6rper wird durch diese Behandlungsmethode zur Heilung der vorliegenden Beschwerden selbst angeregt!<\/p>\n<hr>\n<p style=\"text-align: justify;\"><b>Muskeltriggerpunkte<\/b><br \/>\nDies ist eine Behandlungstechnik, welche sich gut mit einer Massage kombinieren l\u00e4sst. Hier kann man sehr gut Myogelosen (verspannte Punkte in einem Muskel selbst, die der Therapeut hervorragend erkennt) behandeln.<\/p>\n<p style=\"text-align: justify;\">Mein generelles Behandlungsziel:<br \/>\nIch erachte es f\u00fcr sehr wichtig, nach bestem Wissen und Gewissen die Patienten so zu behandeln, so dass alle Beteiligten zufrieden sind!<\/p>\n<p>Massage, Bindegewebsmassage, Friktionsmassage, Elektrotherapie, Ultraschalltherapie, Kryotherapie, Lymphdrainage, Gelenkdrainage, Dorn-Preuss-Methode, Fango, Hei\u00dfe Rolle, Hei\u00dfluft, Klangschalentherapie&#8216;, &#8218;Massagepraxis Combe &#8211; Klassische Massage (KMT)\\r\\nDie Klassische Massage setzt sich gew\u00f6hnlich aus den Griffen: Ausstreichungen, Knetungen, Walkungen, Zirkelungen, Klopfungen und Vibrationen zusammen. Sie f\u00f6rdert den Stoffwechsel und die Durchblutung. Weiterhin kann man damit sehr gut auf die Muskulatur, die wir selbst in Form unseren Bewegungsabl\u00e4ufen steuern k\u00f6nnen, einwirken.<\/p>\n","protected":false},"excerpt":{"rendered":"<p>Klassische Massagetherapie (KMT) Die Klassische Massage setzt sich gew\u00f6hnlich aus den Griffen Ausstreichungen, Knetungen, Walkungen, Zirkelungen, Klopfungen und Vibrationen zusammen. Sie f\u00f6rdert den Stoffwechsel und die Durchblutung. Weiterhin kann man damit sehr gut auf die Muskulatur, die wir selbst in Form von unseren Bewegungsabl\u00e4ufen steuern k\u00f6nnen, einwirken. Bindegewebsmassage (BGM) Diese wird mit einer speziellen Fingertechnik &hellip; <a href=\"https:\/\/www.massagepraxis-kornwestheim.de\/?page_id=66\" class=\"more-link\"><span class=\"screen-reader-text\">Unsere Therapieangebote<\/span> weiterlesen <span class=\"meta-nav\">&rarr;<\/span><\/a><\/p>\n","protected":false},"author":1,"featured_media":0,"parent":0,"menu_order":0,"comment_status":"closed","ping_status":"closed","template":"","meta":[],"_links":{"self":[{"href":"https:\/\/www.massagepraxis-kornwestheim.de\/index.php?rest_route=\/wp\/v2\/pages\/66"}],"collection":[{"href":"https:\/\/www.massagepraxis-kornwestheim.de\/index.php?rest_route=\/wp\/v2\/pages"}],"about":[{"href":"https:\/\/www.massagepraxis-kornwestheim.de\/index.php?rest_route=\/wp\/v2\/types\/page"}],"author":[{"embeddable":true,"href":"https:\/\/www.massagepraxis-kornwestheim.de\/index.php?rest_route=\/wp\/v2\/users\/1"}],"replies":[{"embeddable":true,"href":"https:\/\/www.massagepraxis-kornwestheim.de\/index.php?rest_route=%2Fwp%2Fv2%2Fcomments&post=66"}],"version-history":[{"count":2,"href":"https:\/\/www.massagepraxis-kornwestheim.de\/index.php?rest_route=\/wp\/v2\/pages\/66\/revisions"}],"predecessor-version":[{"id":85,"href":"https:\/\/www.massagepraxis-kornwestheim.de\/index.php?rest_route=\/wp\/v2\/pages\/66\/revisions\/85"}],"wp:attachment":[{"href":"https:\/\/www.massagepraxis-kornwestheim.de\/index.php?rest_route=%2Fwp%2Fv2%2Fmedia&parent=66"}],"curies":[{"name":"wp","href":"https:\/\/api.w.org\/{rel}","templated":true}]}}